t i = 1461 - v. Is i a composite number?
False
Let d be (246/2 - -3) + -2. Let a = d + -276. Let j = a - -363. Is j prime?
True
Let g be 6 + (-2 - -2 - 1). Suppose -g*b + 747 = -238. Let c = 54 + b. Is c prime?
True
Is (168/(-288))/((-1)/329668) + (-26)/(-39) a prime number?
True
Let i(c) = 3*c**2 + 9*c + 7. Let q be i(-3). Suppose q*d = 3*d. Suppose a + 0*a + 5*f - 114 = d, 0 = -a - 4*f + 115. Is a a composite number?
True
Let v(n) = 1946*n**2 - 11*n + 194. Is v(9) composite?
False
Suppose 40*z = 237*z - 29949319. Is z prime?
True
Is -8*1/(-2) + (-783489)/(-105)*35 a prime number?
True
Let a be 15 + (13 - (38 + -10)). Suppose 3*n - 2*o = -0 - 7, -28 = -3*n - 5*o. Is n*(1 + a)*(-1117)/(-1) composite?
False
Suppose 6333 = 2*u - p, 9502 = 3*u - p + 2*p. Suppose -4*h = 3*t - u, -3*t - 5*h + 1964 = -1208. Is t a prime number?
True
Suppose 4*j - 44 - 20 = 0. Let f be ((-1)/(-2) + -2)*j/(-6). Suppose -4*g - 86 + 650 = 4*q, -g - f*q = -126. Is g a composite number?
True
Let l(a) = 1026*a**2 + 10*a - 20. Let x be l(3). Suppose -30*p + x = -31646. Is p composite?
True
Let d be (-428)/(-10) - (-3)/75*5. Suppose 243294 = d*s + 4687. Is s a prime number?
False
Is ((-4756614)/(-4))/((-57)/(-38)) a prime number?
True
Let l be 416/195 - -2*1/(-15). Suppose -3*z = l*c - 8107, 0 = 3*z + z + 2*c - 10812. Is z a prime number?
False
Suppose -347 = -s + 4*h - 0*h, -2*h - 1041 = -3*s. Suppose 6*z + s = 1889. Is z composite?
False
Suppose 99 = 2*m - j - 80, -4*m - 2*j = -338. Let t(q) = -q**3 - 15*q**2 - 12*q + 32. Let c be t(-14). Is (c - m)/(1/(-7)) a composite number?
True
Suppose 4*s + 4*y = 727832, 903*y + 909820 = 5*s + 898*y. Is s composite?
True
Let b = -44 + 42. Let h be (b/6)/((-3)/54). Is (-14)/(h - 7 - 394/(-398)) prime?
False
Let t = 450 - -3293. Is t a prime number?
False
Suppose -3*o + 72291 = -78420. Suppose 22*x = 11*x + o. Is x a prime number?
True
Let i(f) = -368*f**3 + 3*f**2 + 90*f - 2. Is i(-9) a composite number?
True
Suppose -3*o = -4*y - 11, -2 = -4*o + 4*y + 18. Suppose -3*j - 4*u + 2915 + 14370 = 0, -5*j = 4*u - 28795. Suppose j = o*w - 4*w. Is w a prime number?
True
Is 4/16*(4691 - -33) a composite number?
False
Let r = -4373 + 2533. Let d = 1430 + -2587. Let x = d - r. Is x a prime number?
True
Suppose 18*l - 49*l = 43*l - 32250458. Is l composite?
False
Suppose x - 3 = 2. Let z(y) be the first derivative of 2*y**2 - 10*y - 2. Is z(x) a prime number?
False
Let w = 213862 - 148887. Suppose 5*u - 3*n + 7*n - w = 0, -2*u + 25972 = -2*n. Is u composite?
True
Let b(m) = m**3 + 8*m**2 - 4*m - 14. Let i be b(-8). Suppose i*l - 19*l = -143. Let u = l + 266. Is u prime?
True
Is ((-17804913)/9)/(-7) - (-2)/(-15)*5 a prime number?
True
Suppose -268 - 371 = -y - 4*f, f = y - 634. Suppose 14*t - 19*t = -y. Is t a prime number?
True
Let a = 64 + -52. Suppose 5*s = a + 3. Suppose -4*m = -3*c - 1939, s*c + c + 20 = 0. Is m a prime number?
False
Is ((-4)/(-2) - 3)/((-36)/1523628) a composite number?
False
Let s(o) = o + 16. Let z(h) = h**3 + 7*h**2 - 6*h + 1. Let b be z(-8). Let c be s(b). Is (c - 4050)/((-1)/1) prime?
True
Let o(w) = 23567*w - 130. Is o(1) composite?
True
Suppose -7*z + 6*z = 1110. Let g = 1657 - z. Is g a prime number?
True
Let c(m) = 17344*m - 451. Is c(38) a prime number?
False
Is ((-14 - -27) + -12)*290437 prime?
False
Let m be (-1)/(-5) + (-22)/10. Let b be (-280)/12*((-2)/(-2) - m). Is (-67116)/b - (-2)/10 a prime number?
False
Suppose -3*d + 15 = -v, 13*d + 2*v - 18 = 11*d. Suppose -d*n + 4*n + 4*p + 60854 = 0, 9 = -3*p. Is n a composite number?
True
Let k(f) = 53 - 3*f**2 - 19*f**3 + 8*f**3 + 52*f**3 + 53*f**3 - 17*f. Is k(4) a prime number?
True
Suppose 303*j - 304*j - 6446649 = -5*g, 3*g + j = 3867983. Is g composite?
False
Let o(m) = -49*m**3 - 30*m**2 - 295*m - 3. Is o(-16) composite?
False
Let j(n) = 10*n**3 - 7*n**2 + 2*n - 57. Is j(10) a composite number?
True
Let t(z) = 9 + 181*z + 10 - 48 + 15. Let v be t(16). Let d = v + -1971. Is d composite?
False
Suppose -3*f + 4*f = -5*c + 8548, -5*f = 5*c - 42740. Is -1*(f - 6)*2/(-4) composite?
False
Let o(s) = -s**2 + 9*s + 2. Let f be o(9). Let a(l) = -f - l**2 + 12 - 3*l + 11 - 15*l. Is a(-17) a composite number?
True
Suppose -3*h - 12446 - 2746 = -5*p, 0 = p + 3*h - 3024. Suppose p + 916 = 2*c. Let g = c - 625. Is g a prime number?
False
Let j(k) = 13*k**2 - 12*k - 6*k**2 - k**3 - 42 + 62*k**2 + 11. Is j(21) prime?
False
Let f(h) = -2*h**2 - 54*h. Let b be f(-27). Is 46077/6*(b - (-4 - -2)) composite?
False
Suppose 4*q + 45 = 9. Let b(k) = -3*k - 23. Let z be b(q). Is 2786/z - (-1)/2 composite?
True
Let l(k) = 212*k**2 - 246*k - 43. Is l(-45) a prime number?
False
Is 86/14 + -6 + -4 + (-978282)/(-21) prime?
False
Suppose n = -3*i + 590402, -275*n + 271*n = -3*i + 590377. Is i a prime number?
True
Suppose -71736857 = -239*c + 196*c. Is c prime?
True
Let f(j) = -j - 2. Let n be f(-18). Suppose -4*r = n, -6*d + 4*d - 5*r = 10. Suppose -1501 = -d*v + 144. Is v a composite number?
True
Suppose -5*h + 33977 = -4*q - 63678, 97655 = 5*h + 5*q. Is h a composite number?
False
Let m(c) = 7*c**3 - 14*c**2 + 11*c - 3. Let j be m(6). Is j + -2*2/(2 + -4) composite?
True
Suppose -2*l + 1 + 5 = 0. Suppose 4*c + 4 = -o - 3*o, o - 5 = -l*c. Suppose 0 = -0*a - 2*a - 2, 4*j - c*a = 1007. Is j a composite number?
False
Let g(y) = 22433*y**2 + 356*y - 1389. Is g(4) composite?
True
Suppose -z = 2*z - 37575. Let t = -3955 + z. Suppose 0 = -3*f + 2*g - 977 + t, -4*f - 4*g = -10144. Is f a composite number?
True
Let u(o) = -3588*o - 207. Let x(w) = 10761*w + 619. Let y(n) = -7*u(n) - 2*x(n). Is y(5) composite?
False
Suppose 61*y - 172736 = 609833. Is y a composite number?
False
Let b = -58545 - -82083. Suppose -4*o = -5*j + b + 38217, -5*j - o + 61730 = 0. Is j a composite number?
False
Let n = -312296 + 2566663. Is n a prime number?
False
Let y(m) = 182*m - 127. Suppose -4*c + 22 = -2*n - 18, 4*n = 0. Is y(c) prime?
True
Let n = 119315 - -71328. Is n a prime number?
False
Suppose 4*k - 438095 = 11*k. Is 18/3*(-5)/(150/k) a composite number?
False
Let j(y) be the third derivative of 487*y**5/60 + y**4/3 + 31*y**3/3 - 10*y**2 + 3*y. Is j(-5) a prime number?
True
Suppose -3365 + 488 = -3*g. Suppose -2129 = -5*x + 3*q + 2660, x - q = g. Suppose d = -225 + x. Is d a composite number?
True
Let m be (-959124)/(-72) - (-2)/(-12). Suppose 24*l - 2255 = m. Is l a prime number?
False
Let k(t) = 5091*t - 14. Let a be -2*(2 - (2 + -2)) + 5. Is k(a) prime?
True
Suppose 2*s - 7 = 5*v, 3*s = 3*v + 2*s + 5. Is 10167*2/(-3)*v/6 a composite number?
False
Let o = 9 + -9. Suppose -14*c + 8*c + 1146 = o. Is c a composite number?
False
Suppose 9393 = x + 2*x. Let g = x + -1734. Suppose b - a - 470 = -5*a, -g = -3*b + a. Is b a composite number?
True
Let t = -70 - -85. Let w be (t/(-10))/(3/(-4)) - 0. Suppose -p = 4*u - 135, 0 = -u + 2*u + w. Is p composite?
True
Suppose 31*j = 34*j - 46290. Suppose x = 3*x - j. Suppose 0 = -3*m + 4*b + 23171, 2*b + x = m + 5*b. Is m a prime number?
False
Suppose 69*m = 66*m - 5*x + 230958, -307958 = -4*m - 2*x. Is m prime?
True
Let v = -4559 + 2264. Let k = -1389 - v. Suppose k = 5*z - 179. Is z composite?
True
Let t be ((-5)/10*7)/(1/14). Let c = t - -52. Is ((-3486)/c)/(-2) + 2 a prime number?
False
Let k be (-2 - 6)*(7 + -10). Suppose 10*b - k = 6. Is (-1 + 2870/(-4))/(b/(-4)) composite?
True
Let b(v) = 93*v**3 + 4*v**2 - 6*v. Let z be 4/((-11)/((-275)/20)). Is b(z) prime?
False
Let q(g) = 2*g + 71. Let w be q(-7). Suppose 0 = 2*m - 3*z - 391, -m + 4*z + 146 + w = 0. Is m prime?
True
Let i be 3*8/(-12)*5/(-2). Suppose i*g - 43 = 17. Is ((-5181)/g)/(3/(-12)) a composite number?
True
Let b = 44 + -34. Suppose -1 + 91 = b*x. Suppose -4*p = -x*p, -3*y = -3*p - 2685. Is y a prime number?
False
Suppose 30*p = 3*i + 26*p, 5*i + 3*p = 0. Let f be (-3)/((-9)/4)*-1563. Is -3*f/12 + i prime?
True
Let r = -61384 + 100517. Is r a prime number?
True
Let k = -191730 - -495193. Is k a prime number?
True
Let v(h) = 2*h**2 + 3*h - 86. Let n be v(7). Suppose -38763 = -5*x + 31*t - n*t, -15507 = -2*x + t. Is x prime?
True
Let k(p) = -65*p + 57. Let s(h) = -2*h**3 - 25*h**2 - 11*h + 7. Suppose 0*x = 3*x + 36. Let u be s(x). Is k(u) composite?
True
Let w(z) = 221*z**2 - 73*z - 706. Is w(-19) prime?
Fals